-96)/15 - -6) a prime number?
False
Let g = -12 - -16. Suppose -2*x + v - g = -3*x, 2*x + v = 7. Is (0 + -57)/(x + -4) a prime number?
False
Suppose -8 = -3*m - 2. Is (-21)/(-7) - (-2*1864)/m a composite number?
False
Suppose -3*u = -u - 9242. Suppose -3*r - 3*b + 2778 = 0, -b + 3*b - u = -5*r. Is r a composite number?
True
Is (-3 - (-8)/3)*15 - -16332 prime?
False
Let i(n) = n + 3. Let o be i(-1). Suppose -7 = -a - o. Suppose -202 = -a*d + 343. Is d composite?
False
Let i = 53 - 47. Let u(h) = 82*h - 11. Is u(i) a composite number?
True
Suppose 368*o - 2818 = 367*o. Is o a prime number?
False
Suppose 6 = 5*p + 46. Let g(k) = -31*k - 11. Let c be g(p). Let j = 396 - c. Is j composite?
True
Let m = -157 + 297. Let a(s) = 227*s + m*s + 8*s - 2. Is a(1) a composite number?
False
Suppose -3*p + 2*r + 25997 = 0, p = 4*p + r - 25985. Is p a composite number?
False
Let d be (-66)/3*(-5)/10. Let l(k) = k**3 - 10*k**2 - 2*k - 15. Let y be l(d). Suppose -t - 4*q + 19 = 5, 2*q = 3*t - y. Is t prime?
False
Is 15452/28 - (-54)/(-63) prime?
False
Suppose -p + j = -0*p + 641, 2*p = 4*j - 1276. Let o be 1 + 2 - p/4. Let b = o - 73. Is b a composite number?
True
Let h(i) = 62*i - 10. Let w be h(4). Let b = w + 280. Suppose -4*o + g = -b, -2 = 3*g + 4. Is o composite?
True
Let w(p) = p**3 + 19*p**2 - 3*p**2 + 6 - 12*p + 6*p - 11*p. Is w(-13) a composite number?
True
Let y = 953 - 574. Is y composite?
False
Let p(v) be the first derivative of 7*v**3/3 - 11*v**2/2 + 29*v - 2. Is p(6) a prime number?
False
Suppose 12*h + 16 = 124. Suppose 2*f + 2653 = h*f. Is f prime?
True
Suppose 5*z = 130 - 865. Let s = 387 + z. Suppose 5*n + s = 1355. Is n a composite number?
False
Let p = -345 + 1466. Is p a composite number?
True
Let o be 23/2 - 1/(-2). Let s(u) = -3*u - 7*u + 5*u + u**2 + 7. Is s(o) composite?
True
Suppose -5*h = 5*z - 91790, -z = 2*h + 2*z - 36719. Is h composite?
True
Suppose -4*j + 8*j = -12968. Let r = -1909 - j. Is r composite?
True
Suppose 4*g - 4 = 3*g. Suppose g*u - 4 = -4*i + 8, -2*u = 3*i - 6. Suppose u*y - 664 + 219 = -4*f, -y = -f + 120. Is f a composite number?
True
Let p(g) = 26*g**2 + 137*g - 47. Is p(-16) prime?
False
Is (1 - 6) + (13 - 6 - -329) composite?
False
Let u = 1319 - 778. Is u composite?
False
Suppose -3*b = -0*b - 24. Let i = 8 - b. Suppose i = 3*q - 2*d - 455, 4*q + 3*d - 181 - 403 = 0. Is q prime?
True
Let n(k) = -2*k**2 + 4*k - 7. Let x(f) = -1. Let u(z) = n(z) - 6*x(z). Let c be u(3). Let v = 45 + c. Is v composite?
True
Let b(y) be the second derivative of y**3/6 + 327*y**2/2 - 3*y. Let i be b(0). Is -14*2*i/(-12) prime?
False
Let x = 7812 - 1303. Is x composite?
True
Let i(v) = 263*v - 122. Is i(9) prime?
False
Let k be -32 + (-1 + 0 + 4 - 2). Let v(y) = y**3 - 2*y**2 - 7*y - 4. Let a be v(-5). Let g = k - a. Is g composite?
False
Let l(x) = 2 - 1 + 1166*x - 3. Let b be l(1). Suppose 3*g - b = -g. Is g a prime number?
False
Let l(n) = 112*n**2 + 32*n + 17. Is l(16) composite?
False
Suppose -2*b + x = 18, -45 = 5*b - 4*x - 0*x. Let i = -4 - b. Suppose -5*y = 2*n - 876, i*n - 2*y = y + 2221. Is n prime?
True
Let k(r) = 109*r**2 - 16*r + 57. Is k(8) a composite number?
True
Let s(b) = 23*b + 33. Let f(j) = 23*j + 34. Let m(k) = -3*f(k) + 2*s(k). Is m(-23) prime?
False
Let g = 158 + -160. Is 2579/g*(-4 - (3 - 5)) prime?
True
Let c(y) be the third derivative of y**5/6 + y**4/8 - 5*y**3/6 + 6*y**2. Let t be (-2)/((-3 - -6)/(-9)). Is c(t) a prime number?
True
Suppose -6*y + 18*y = 24. Suppose 5*h - 1100 = -5*r, 549 = -4*r - y*h + 1425. Is r a composite number?
True
Suppose -57*i = -54*i - 5*l - 27194, -36312 = -4*i - 4*l. Is i composite?
True
Suppose -28*l + 112138 = -23*l - 4*q, -4*l + 89714 = -5*q. Is l a prime number?
False
Let v(j) = 56*j**2 + 30*j - 1. Is v(-9) prime?
False
Let m be 0 + (-2 - (-3 - -1)). Let i be m + (-1 + 3 - -178). Suppose -k + 2*w = -0*w - 71, 5*w - i = -3*k. Is k a prime number?
False
Suppose -9*o - 304 = -13*o. Let f = -17 + o. Is f composite?
False
Suppose 4*f + 2*o = -0*f + 638, 0 = 2*f - 4*o - 294. Suppose -2*m - j = -33, 17*m = 16*m - 3*j + 29. Let t = f - m. Is t a prime number?
False
Suppose 0 = -9*m - m + 47210. Is m a composite number?
False
Is 952960/112 + (-6)/(-14) a composite number?
True
Let c be 18104/56 + 4/(-14). Let b = c + 99. Is b a composite number?
True
Let m = -3 - 3. Let z be 0*(-1)/(-7) - -310. Is z + (m - -4 - -3) a prime number?
True
Let t(v) = -9071*v + 60. Is t(-3) prime?
False
Let c(y) = 1500*y - 481. Is c(10) prime?
True
Let j be (2 + 0)/(4/8). Suppose -j*d + 25 - 9 = 0. Is d/18 + 5705/45 a composite number?
False
Let i(c) = 9*c**2 - 3*c + 4 + c**3 - 2 + 8. Suppose 2*y = -9 - 5. Is i(y) a composite number?
True
Is (-84410)/(-14) - (-11 - (-237)/21) prime?
True
Let g(d) = d**3 + 2*d**2 + 2*d - 1. Let q be g(-7). Let o = 493 + q. Is o a prime number?
True
Let w = 80 - 71. Suppose w*c = 548 + 919. Is c a composite number?
False
Let o(h) = -6*h**3 - 7*h**2 + 2. Let z be 40/12*3/2. Let p(s) = 13*s**3 + 13*s**2 - s - 3. Let u(d) = z*o(d) + 3*p(d). Is u(2) composite?
False
Suppose -612 - 688 = -13*l. Is (l + 2 - 4)/2 a prime number?
False
Let k be -6 + 7/((-28)/16). Is 635/k*(-2 + 0) a prime number?
True
Let c(q) = -85*q**3 + 3*q**2 - 11*q + 53. Is c(-8) a prime number?
True
Let l = -42 - -44. Suppose 3*g - 4*o - 1113 = 0, o = l*o. Is g a composite number?
True
Let g be 2264 + (5 + -4)/1. Suppose 5*h + 0*k - g = -4*k, h - k = 462. Let v = h + -10. Is v prime?
False
Suppose -x = 3*t - 938, -4*x - 3*t = -4508 + 747. Is x a prime number?
True
Let l(q) = -q**3 + 13*q**2 - 13*q + 35. Suppose z - 2*z = 2*y - 12, -2*z = -4*y - 16. Is l(z) a composite number?
True
Suppose -4*q = 4*f + 20, -3*f + 3*q + 15 = 2*f. Suppose f*m = 4*m - 340. Is m a composite number?
True
Suppose 0 = -4*l - 5*f + 953 + 3468, -4*l + 2*f = -4414. Let j(z) = -12*z**3 + 6*z**2 - 5*z + 1. Let y be j(4). Let q = y + l. Is q composite?
True
Let u(s) = -s**3 + 6*s - 6 + 35*s**3 + 19*s**3 + 4*s**2. Let p be u(4). Let i = p + -2281. Is i a prime number?
True
Let t = -18 + 21. Suppose h + 4*q - 1044 = 0, h + 2108 = 3*h + t*q. Suppose -h = -3*v - v. Is v prime?
False
Let p = -39 + 38. Is 18044/36 - (7/(-9) - p) a prime number?
False
Let q(k) = k**2 - 3*k - 4. Let s be q(5). Let c(l) = 9*l**2 + 13. Is c(s) composite?
False
Let k = 15004 + -10151. Is k composite?
True
Let s(m) = 114*m - 5. Let n be (3 + -6 - -2)*-6. Suppose 4*a = a + n. Is s(a) a prime number?
True
Let c = 4368 - 1139. Is c a prime number?
True
Suppose -17*x + 35707 - 5804 = 0. Is x a prime number?
True
Let r(p) = 5*p**2 + 1. Let m = 29 - 30. Let c be r(m). Is 51 - -2 - 0/c a prime number?
True
Let a(c) = 2*c. Let f be 3/(9/15)*1. Suppose 3*n - 2*n = 2*y - 12, -3*y + f*n = -25. Is a(y) a prime number?
False
Suppose 0 = -h - 4*h - 2*t + 3497, 12 = -3*t. Is h composite?
False
Let d = -5 - -1506. Is d composite?
True
Suppose 3*p = -3*g - 9, 2*g - 3*p - 10 = 9. Suppose 5*i = g + 3. Is i/(1/464) - -3 composite?
False
Suppose 5*v - 121873 = -3*o, -6*v = -11*v - o + 121881. Is v prime?
False
Let t = -542 + 5325. Is t prime?
True
Suppose u + 19457 = -4*y + 7*y, -y - 4*u = -6477. Is y composite?
True
Let s(k) = -3*k**3 - 37*k**2 - 18*k + 47. Is s(-24) composite?
False
Let k(o) = 343*o + 18. Is k(1) a prime number?
False
Let p = 2129 - 1396. Let q = -522 + p. Is q composite?
False
Let j(i) be the first derivative of -9*i**4/2 + 4*i**3/3 - i**2 - 4*i - 2. Let q be j(-3). Suppose 2*t + q = 6*t. Is t composite?
False
Let x(j) = 5*j**2 + 4*j + 4. Let a be x(-2). Let k = 19 - a. Suppose 2800 - 439 = k*o. Is o a prime number?
True
Let a(m) = 2*m**2 - 7*m - 16. Suppose z - 33 = -3*u, -26 = -2*u + z - 4. Is a(u) a prime number?
True
Let i(d) = 938*d + 267. Is i(37) prime?
False
Suppose -3*p + 365 = -2*f, p - 3*f + f = 123. Suppose 3*z + 2 + 1 = 0. Is 0 + 0/z + p a composite number?
True
Let t(g) be the first derivative of 3*g**2/2 - 6*g + 1. Let o be t(3). Suppose o*r - 7*r = -508. Is r composite?
False
Let b(l) be the first derivative of -121*l**7/840 + l**6/360 + l**5/40 + l**4/12 + 7*l**3/3 + 2. Let i(v) be the third derivative of b(v). Is i(-1) composite?
True
Suppose -44*o + 238383 = 3731. Is o prime?
True
Let b be (-10)/(-8)*(23 + -19). Suppose -3*a + 5*a = 2, 4*c + b